
False
Is 14 a factor of 812?
True
Is 324 a multiple of 36?
True
Does 85 divide 692?
False
Is 6 a factor of 64?
False
Is 27 a factor of 2430?
True
Is 61 a factor of 29463?
True
Does 8 divide 13032?
True
Is 113 a factor of 20905?
True
Is 238 a multiple of 17?
True
Is 6 a factor of 55?
False
Is 10439 a multiple of 18?
False
Is 129 a factor of 5192?
False
Does 13 divide 1196?
True
Is 2503 a multiple of 36?
False
Does 27 divide 1078?
False
Does 18 divide 2196?
True
Is 29 a factor of 6873?
True
Is 1275 even?
False
Is 32804 a multiple of 23?
False
Does 17 divide 1318?
False
Is 214 a multiple of 9?
False
Is 8 a factor of 800?
True
Is 7048 a multiple of 20?
False
Does 4 divide 806?
False
Does 8 divide 35?
False
Is 7 a factor of 37521?
False
Is 3618 a multiple of 18?
True
Does 12 divide 437?
False
Does 18 divide 357?
False
Does 50 divide 762?
False
Does 6 divide 6546?
True
Is 18 a factor of 54?
True
Is 11 a factor of 539?
True
Is 16 a factor of 9991?
False
Is 47040 a multiple of 49?
True
Does 62 divide 62213?
False
Does 57 divide 95475?
True
Is 46 a factor of 390?
False
Is 3289 a multiple of 11?
True
Is 11653 a multiple of 43?
True
Is 213 a multiple of 22?
False
Is 45 a factor of 2008?
False
Is 76 a factor of 11468?
False
Is 396 a multiple of 36?
True
Is 9250 a multiple of 19?
False
Is 10686 a multiple of 126?
False
Is 8 a factor of 1512?
True
Is 10250 a multiple of 69?
False
Does 9 divide 4932?
True
Is 22 a factor of 863?
False
Is 59 a factor of 649?
True
Is 1845 a multiple of 45?
True
Does 110 divide 1430?
True
Does 18 divide 8766?
True
Is 20 a factor of 68495?
False
Is 3 a factor of 210?
True
Does 9 divide 3222?
True
Is 12138 a multiple of 21?
True
Does 31 divide 1175?
False
Is 55 a factor of 15565?
True
Is 324 a multiple of 18?
True
Does 3 divide 217?
False
Is 65 a multiple of 2?
False
Is 24 a factor of 557?
False
Is 6 a factor of 1440?
True
Is 47 a factor of 2491?
True
Does 12 divide 990?
False
Is 11550 a multiple of 15?
True
Is 10 a factor of 13219?
False
Is 1823 a multiple of 13?
False
Does 3 divide 19367?
False
Is 4550 a multiple of 58?
False
Is 1182 a multiple of 63?
False
Is 3100 a multiple of 100?
True
Is 11 a factor of 27593?
False
Does 17 divide 931?
False
Does 32 divide 2460?
False
Is 19 a factor of 6498?
True
Is 5022 even?
True
Does 219 divide 7303?
False
Is 81 a multiple of 11?
False
Is 37 a factor of 26677?
True
Is 893 a multiple of 47?
True
Is 27729 a multiple of 39?
True
Does 46 divide 3587?
False
Does 14 divide 99?
False
Does 3 divide 270?
True
Is 7509 a multiple of 4?
False
Is 2233 a multiple of 7?
True
Is 20162 a multiple of 34?
True
Does 283 divide 5943?
True
Is 7 a factor of 834?
False
Is 13 a factor of 66?
False
Does 16 divide 9360?
True
Is 55 a factor of 91905?
True
Is 8 a factor of 6203?
False
Is 42 a factor of 2100?
True
Does 10 divide 248?
False
Does 16 divide 5552?
True
Does 18 divide 687?
False
Does 10 divide 3255?
False
Is 46 a factor of 6742?
False
Does 5 divide 14735?
True
Is 30 a factor of 1302?
False
Is 5 a factor of 275?
True
Does 85 divide 1020?
True
Does 54 divide 378?
True
Is 505 a multiple of 46?
False
Is 131 a multiple of 17?
False
Does 35 divide 603?
False
Does 111 divide 12916?
False
Is 16 a factor of 75?
False
Does 47 divide 4204?
False
Is 11 a factor of 2417?
False
Is 10 a factor of 50?
True
Is 16 a factor of 720?
True
Does 13 divide 69472?
True
Is 68 a factor of 807?
False
Is 110 a factor of 9703?
False
Is 1851 even?
False
Is 15 a factor of 495?
True
Does 40 divide 1480?
True
Does 201 divide 123935?
False
Does 25 divide 29120?
False
Does 53 divide 3132?
False
Is 4125 a multiple of 55?
True
Is 500 a multiple of 13?
False
Is 3010 a multiple of 43?
True
Is 90 a factor of 65062?
False
Is 73 a factor of 509?
False
Is 14 a factor of 1652?
True
Is 1965 a multiple of 5?
True
Is 371 a multiple of 75?
False
Does 33 divide 1112?
False
Is 136 even?
True
Does 124 divide 651?
False
Does 21 divide 6477?
False
Does 38 divide 4995?
False
Is 30 a factor of 1290?
True
Does 25 divide 975?
True
Is 48 a factor of 313?
False
Does 76 divide 684?
True
Is 803 a multiple of 73?
True
Does 99 divide 30053?
False
Is 189 a multiple of 14?
False
Does 114 divide 5700?
True
Is 29 a factor of 20039?
True
Does 63 divide 882?
True
Is 45 a factor of 3735?
True
Is 18 a factor of 432?
True
Is 37 a factor of 9194?
False
Does 42 divide 1886?
False
Is 20 a factor of 13740?
True
Is 19 a factor of 16594?
False
Is 63 a factor of 127?
False
Is 13 a factor of 3536?
True
Is 73 a factor of 261?
False
Is 88 a factor of 4975?
False
Is 3528 a multiple of 12?
True
Is 63300 a multiple of 294?
False
Is 346 a factor of 2768?
True
Is 6 a factor of 78?
True
Is 26 a factor of 16466?
False
Is 1410 a multiple of 15?
True
Is 1744 a multiple of 16?
True
Is 11508 a multiple of 21?
True
Does 4 divide 2021?
False
Is 126 a factor of 9856?
False
Is 6731 a multiple of 92?
False
Is 4944 a multiple of 64?
False
Is 14807 a multiple of 40?
False
Is 811 a multiple of 12?
False
Does 26 divide 2626?
True
Is 3616 a multiple of 113?
True
Is 25 a factor of 38?
False
Is 39 a factor of 461?
False
Is 3 a factor of 354?
True
Is 76 a factor of 2919?
False
Does 127 divide 4739?
False
Is 14 a factor of 1604?
False
Does 7 divide 937?
False
Does 11 divide 26001?
False
Is 125080 a multiple of 212?
True
Does 39 divide 195?
True
Is 96 a factor of 12288?
True
Is 82 a factor of 1801?
False
Does 5 divide 21058?
False
Is 450 a multiple of 30?
True
Is 28 a factor of 6821?
False
Is 14370 a multiple of 112?
False
Is 139 a multiple of 2?
False
Is 161 a multiple of 23?
True
Is 68 a factor of 97648?
True
Does 20 divide 11700?
True
Is 8 a factor of 553?
False
Is 12 a factor of 12060?
True
Does 5 divide 600?
True
Does 24 divide 10493?
False
Does 66 divide 1388?
False
Does 29 divide 696?
True
Does 5 divide 89?
False
Is 5 a factor of 337?
False
Is 66 a multiple of 2?
True
Does 6 divide 32886?
True
Is 929 a multiple of 6?
False
Is 71 a factor of 19738?
True
Is 9 a factor of 1341?
True
Does 25 divide 17662?
False
Does 7 divide 186?
False
Is 12 a factor of 12267?
False
Is 20 a factor of 2835?
False
Is 1133 a multiple of 11?
True
Does 41 divide 164?
True
Is 16 a factor of 2685?
False
Is 113 a factor of 60568?
True
Is 588 a multiple of 15?
False
Is 93909 a multiple of 23?
True
Is 108 a multiple of 15?
False
Is 41 a factor of 9635?
True
Does 12 divide 22991?
False
Is 48 a factor of 65048?
False
Is 19194 a multiple of 11?
False
Is 21 a factor of 13254?
False
Does 55 divide 27390?
True
Is 9 a factor of 68726?
False
Is 10 a factor of 38490?
True
Does 11 divide 21200?
False
Is 179 a factor of 26530?
False
Does 92 divide 368?
True
Is 46 a factor of 52667?
False
Is 1346 a multiple of 5?
False
Is 79 a factor of 1269?
False
Does 6 divide 20?
False
Does 55 divide 559?
False
Does 17 divide 1002?
False
Does 16 divide 3074?
False
Does 19 divide 774?
False
Is 2579 even?
False
Is 1320 a multiple of 12?
True
Is 149 a factor of 2900?
False
Is 14 a factor of 2086?
True
Does 25 divide 6220?
False
Does 5 divide 3636?
False
Is 37 a factor of 4765?
False
Is 60 a multiple of 2?
True
Is 4664 a multiple of 88?
True
Is 10 a factor of 350?
True
Is 51 a factor of 687?
False
Is 125 a factor of 28500?
True
Does 44 divide 57215?
False
Is 684 a multiple of 33?
False
Does 127 divide 64834?
False
Does 52 divide 23400?
True
Does 152 divide 1075?
False
Is 139 a factor of 143766?
False
Is 20 a factor of 500?
True
Is 26 a factor of 373?
False
Is 2640 a multiple of 16?
True
Does 4 divide 4418?
False
Is 108 a factor of 6904?
False
Is 16 a factor of 154?
False
Is 69799 a multiple of 22?
False
Is 14085 a multiple of 15?
True
Is 5 a factor of 222?
False
Does 13 divide 31174?
True
Is 12 a factor of 13192?
False
Is 94 a factor of 2068?
True
Is 1900 a multiple of 5?
True
Is 13 a factor of 2381?
False
Does 16 divide 4957?
False
Does 7 divide 617?
False
Is 662 a multiple of 4?
False
Is 20 a factor of 10027?
False
Is 48162 a multiple of 22?
False
Is 2290 a multiple of 10?
True
Is 4 a factor of 1323?
False
Does 67 divide 83683?
True
Is 1011 a multiple of 5?
False
Is 28692 a multiple of 6?
True
Is 64986 a multiple of 6?
True
Is 7 a factor of 1784?
False
Is 133 a factor of 3059?
True
Is 726 a multiple of 33?
True
Is 4 a factor of 180?
True
Does 16 divide 23440?